{"id":570,"date":"2024-10-03T16:48:02","date_gmt":"2024-10-03T21:48:02","guid":{"rendered":"https:\/\/rillydelievano.com\/?post_type=product&#038;p=570"},"modified":"2024-10-14T11:55:04","modified_gmt":"2024-10-14T16:55:04","slug":"__trashed-3","status":"publish","type":"product","link":"https:\/\/rillydelievano.com\/index.php\/producto\/__trashed-3\/","title":{"rendered":"Caf\u00e9 Lavado"},"content":{"rendered":"<p>Caf\u00e9 con calidad de preparaci\u00f3n especialidad con proceso lavado, ofrece excelente sabor, tazas bien balanceadas y limpias, acidez brillante, cuerpo abundante, pos gusto largo y definido, finas notas florales, vainilla y chocolate.<\/p>\n<p>Proceso Lavado: en este producto se cortan las cerezas en optima maduraci\u00f3n, se despulpan y son llevados a los tanques de reposo, los cuales despu\u00e9s de 25 a 30 horas, en el cual se da un proceso bacteriol\u00f3gico que consiste en que las bacterias naturales para eliminar las mieles del caf\u00e9, despu\u00e9s de ello se lavan \u00fanicamente con agua, para despu\u00e9s ser transportados a los patios de secado hasta alcanzar una humedad promedio de 12%, para la mejor conservaci\u00f3n de los granos, siempre cuidando que la temperatura de secado no rebasen los 38\u00b0 c., una vez con estas caracter\u00edsticas son almacenados cuidadosamente<\/p>\n<table>\n<tbody>\n<tr>\n<td><span style=\"font-weight: 400;\">Tipo De Envase<\/span><\/td>\n<td><span style=\"font-weight: 400;\">Bolsa trilaminar, sellado t\u00e9rmino y etiqueta impresi\u00f3n l\u00e1ser<\/span><\/td>\n<\/tr>\n<tr>\n<td><span style=\"font-weight: 400;\">Presentaciones Comerciales<\/span><\/td>\n<td><span style=\"font-weight: 400;\">250 Gr.\/500 Gr.\/1 Kg.<\/span><\/td>\n<\/tr>\n<tr>\n<td><span style=\"font-weight: 400;\">Zona De Producci\u00f3n<\/span><\/td>\n<td><span style=\"font-weight: 400;\">Reserva ecol\u00f3gica\u00a0 El Triunfo<\/span><\/td>\n<\/tr>\n<tr>\n<td><span style=\"font-weight: 400;\">Finca Productora<\/span><\/td>\n<td><span style=\"font-weight: 400;\">Finca Santa Rosa principalmente.\u00a0<\/span><\/td>\n<\/tr>\n<tr>\n<td><span style=\"font-weight: 400;\">Municipio<\/span><\/td>\n<td><span style=\"font-weight: 400;\">La Concordia Chiapas<\/span><\/td>\n<\/tr>\n<tr>\n<td><span style=\"font-weight: 400;\">Calidad<\/span><\/td>\n<td><span style=\"font-weight: 400;\">Lavado de especialidad.<\/span><\/td>\n<\/tr>\n<tr>\n<td><span style=\"font-weight: 400;\">Variedad<\/span><\/td>\n<td><span style=\"font-weight: 400;\">Ar\u00e1biga<\/span><\/td>\n<\/tr>\n<tr>\n<td><span style=\"font-weight: 400;\">Altitud<\/span><\/td>\n<td><span style=\"font-weight: 400;\">1200-1400 Msnm<\/span><\/td>\n<\/tr>\n<tr>\n<td><span style=\"font-weight: 400;\">Cosecha<\/span><\/td>\n<td><span style=\"font-weight: 400;\">2022-2023<\/span><\/td>\n<\/tr>\n<tr>\n<td><span style=\"font-weight: 400;\">Tostado Con<\/span><\/td>\n<td><span style=\"font-weight: 400;\">Aire Caliente, Lecho Fluidizado<\/span><\/td>\n<\/tr>\n<tr>\n<td><span style=\"font-weight: 400;\">Nivel De Tostado<\/span><\/td>\n<td><span style=\"font-weight: 400;\">Medio<\/span><\/td>\n<\/tr>\n<tr>\n<td><span style=\"font-weight: 400;\">Nivel De Molido<\/span><\/td>\n<td><span style=\"font-weight: 400;\">Medio, ideal para cafeteras y percoladoras.<\/span><\/td>\n<\/tr>\n<tr>\n<td><span style=\"font-weight: 400;\">Puntaje De Cataci\u00f3n Promedio<\/span><\/td>\n<td><span style=\"font-weight: 400;\">84<\/span><\/td>\n<\/tr>\n<tr>\n<td><span style=\"font-weight: 400;\">Seguridad<\/span><\/td>\n<td><span style=\"font-weight: 400;\">Conserve el envase en un lugar fresco y seco.<\/span><\/p>\n<p><span style=\"font-weight: 400;\">Libre de cualquier sustancias inhibidoras, t\u00f3xicas, adulterantes y\/o residuos de drogas o medicamentos para evitar la contaminaci\u00f3n cruzada del producto.<\/span><\/td>\n<\/tr>\n<tr>\n<td><span style=\"font-weight: 400;\">Vida Del Producto Desde Fabricaci\u00f3n<\/span><\/td>\n<td><span style=\"font-weight: 400;\">12 Meses.<\/span><\/td>\n<\/tr>\n<tr>\n<td><span style=\"font-weight: 400;\">Capacidad de producci\u00f3n<\/span><\/td>\n<td><span style=\"font-weight: 400;\">2000 kilos mensuales\u00a0\u00a0<\/span><\/td>\n<\/tr>\n<tr>\n<td><span style=\"font-weight: 400;\">Adicional<\/span><\/td>\n<td><span style=\"font-weight: 400;\">\u00a0.<\/span><\/td>\n<\/tr>\n<tr>\n<td><span style=\"font-weight: 400;\">Embalaje<\/span><\/td>\n<td><span style=\"font-weight: 400;\">Caja\u00a0 De 40*40*40 ,<\/span><\/td>\n<\/tr>\n<tr>\n<td><span style=\"font-weight: 400;\">Kilos Por Caja De Embalaje<\/span><\/td>\n<td><span style=\"font-weight: 400;\">25 Kilos<\/span><\/td>\n<\/tr>\n<tr>\n<td><span style=\"font-weight: 400;\">Fracci\u00f3n Arancelaria :<\/span><\/td>\n<td><span style=\"font-weight: 400;\">09012101<\/span><\/td>\n<\/tr>\n<\/tbody>\n<\/table>\n","protected":false},"excerpt":{"rendered":"<p>Caf\u00e9 preparaci\u00f3n especialidad 100% puro, ar\u00e1bigo preparaci\u00f3n especialidad, proceso lavado.<\/p>\n","protected":false},"featured_media":0,"comment_status":"open","ping_status":"closed","template":"","meta":[],"product_cat":[39],"product_tag":[],"class_list":{"0":"post-570","1":"product","2":"type-product","3":"status-publish","5":"product_cat-cafe-de-especialidad","7":"first","8":"instock","9":"taxable","10":"shipping-taxable","11":"purchasable","12":"product-type-variable"},"jetpack_sharing_enabled":true,"_links":{"self":[{"href":"https:\/\/rillydelievano.com\/index.php\/wp-json\/wp\/v2\/product\/570"}],"collection":[{"href":"https:\/\/rillydelievano.com\/index.php\/wp-json\/wp\/v2\/product"}],"about":[{"href":"https:\/\/rillydelievano.com\/index.php\/wp-json\/wp\/v2\/types\/product"}],"replies":[{"embeddable":true,"href":"https:\/\/rillydelievano.com\/index.php\/wp-json\/wp\/v2\/comments?post=570"}],"wp:attachment":[{"href":"https:\/\/rillydelievano.com\/index.php\/wp-json\/wp\/v2\/media?parent=570"}],"wp:term":[{"taxonomy":"product_cat","embeddable":true,"href":"https:\/\/rillydelievano.com\/index.php\/wp-json\/wp\/v2\/product_cat?post=570"},{"taxonomy":"product_tag","embeddable":true,"href":"https:\/\/rillydelievano.com\/index.php\/wp-json\/wp\/v2\/product_tag?post=570"}],"curies":[{"name":"wp","href":"https:\/\/api.w.org\/{rel}","templated":true}]}}